9*n - 789. List the prime factors of j(12).
3, 3191
Let b = 1540 - 950. Suppose -j - 2*l + b = 4*j, 3*j - l = 343. Suppose -648 + j = -4*q. List the prime factors of q.
7, 19
Let r = 66 - 247. Let i = 19 + r. Let s = 248 + i. What are the prime factors of s?
2, 43
List the prime factors of 6369/1*(-4 - (-448)/126)*-3.
2, 11, 193
Let l(f) = f**3 - 30*f**2 + 113*f - 15. List the prime factors of l(34).
3, 313
Let v = 33 + -28. Suppose 217 - 687 = -v*x. Suppose 0 = 3*m - 5*m + x. What are the prime factors of m?
47
Suppose -753*y = -832*y + 6376722. What are the prime factors of y?
2, 3, 11, 1223
Let l = 39 - 32. Let u(w) = -2*w + 19. Let b be u(l). What are the prime factors of (0/b - -2) + 31?
3, 11
Let q(t) = 16*t**2 + 34*t + 601. List the prime factors of q(-24).
9001
Let o(z) = 5223*z + 2446. List the prime factors of o(4).
2, 7, 1667
Suppose -12*u = -8*u + 144. Let w = 44 + u. Suppose -z = w - 62. List the prime factors of z.
2, 3
Let c(k) = 8*k - 79. Suppose 12 = 43*s - 42*s. List the prime factors of c(s).
17
Suppose -330*u + 1277600 = -230*u. List the prime factors of u.
2, 1597
Suppose 35*q = 39*q + 5*s - 35222, -26382 = -3*q + 2*s. What are the prime factors of q?
2, 53, 83
Suppose -m = -5*s + 71599, -98*s + 4*m - 28666 = -100*s. What are the prime factors of s?
14321
What are the prime factors of (-318336)/(-10) - (-14)/10*206/721?
2, 11, 1447
Let z = -829 + 819. Let n(k) = 13*k**2 + 11*k + 192. What are the prime factors of n(z)?
2, 691
Let d(m) = 6*m + 1. Let o(r) = 7*r. Let f(c) = -3*d(c) + 2*o(c). Let x be f(-3). Suppose x*b - 1988 + 728 = 0. List the prime factors of b.
2, 5, 7
Let a = -23 - -31. Suppose 4*k = 24 - a. Suppose k*i - 3*g = 14 + 1, 0 = -i - 5*g + 21. What are the prime factors of i?
2, 3
Let m be 70/4*(4 + -2). Suppose 6*v - 4*f + 6*f = 308, 120 = 2*v + 5*f. Let i = m + v. What are the prime factors of i?
5, 17
Let u(r) = 3*r**2 + 2*r**2 - 4*r**2 + r**2 - 145 - 49*r + 140. What are the prime factors of u(34)?
641
Let d(p) = 26*p**2 - 14*p - 8. Let r be d(-5). Suppose y = -3*k + 2120, -k - 4*y + r = -y. Let t = k - 441. List the prime factors of t.
5, 53
Let z be ((-9)/(-4))/((-69)/184). List the prime factors of (-3 + 5)*((-633)/z + -2).
3, 23
Let k(z) = 4*z**3 - 5*z**2 - 2*z + 8. Let u be k(4). Suppose 30*s - 184 = u. What are the prime factors of s?
2, 3
Let t(l) = -743*l + 13*l**2 - 18 + 1503*l + 26*l**2 - 732*l. What are the prime factors of t(6)?
2, 3, 7, 37
Suppose 29*z - 2*o - 14461 = 34*z, -4*z = o + 11570. Let x = -1947 - z. What are the prime factors of x?
2, 11, 43
Suppose 0 = -33*t + 35*t - 1198. Let u = t - 196. What are the prime factors of u?
13, 31
Let b(d) = -d + 12. Suppose 49 = 13*f - 3. Let p be b(f). Suppose 444 = p*s - 1580. What are the prime factors of s?
11, 23
Suppose -12*p + 64580 + 36268 = 0. What are the prime factors of p?
2, 11, 191
Let g = 1993 - -483. List the prime factors of g.
2, 619
Let s be -1176*8/((-128)/12). Let d = s + -139. List the prime factors of d.
743
Let x be (-16)/(-6)*(-2 - 35/(-10)). Suppose -8 + 3 = -n, x*h + 4*n = 1240. List the prime factors of (-72)/90*h/(-2).
2, 61
Suppose 5*d = -p + 893, -4*d + 371 = -2*p - 335. Let s = d - -82. What are the prime factors of s?
2, 5, 13
What are the prime factors of -17 + (7 + 28274 - -19)?
28283
Let m be (955/20)/((-4)/(-1168)). Suppose 17*t - 1527 - m = 0. List the prime factors of t.
2, 5, 7, 13
Suppose 4*f - 52 + 64 = 0. List the prime factors of f/(-27)*-3*13755/(-5).
7, 131
List the prime factors of 2*3*(-201243)/(-126).
7, 37
Let s = 7153 - 2230. What are the prime factors of s?
3, 547
Let p be (-3 - -2)*0*3/6. Suppose 42*q - 46*q - 32 = p. List the prime factors of ((-10)/q - (0 - -1))*8.
2
Suppose 7*j = -2*j + 8991. Let b = -559 + j. What are the prime factors of b?
2, 5, 11
Suppose 61*t - 141628 - 112957 = 579956. What are the prime factors of t?
13681
Let d = 177 - 181. Let p(i) = -5*i**2 + 5*i + 11. Let y(u) = 9*u**2 - 9*u - 22. Let z(n) = -11*p(n) - 6*y(n). List the prime factors of z(d).
31
Let w = -2435 - -8232. What are the prime factors of w?
11, 17, 31
List the prime factors of (-8)/(-2) - ((-406186)/27 - 8/108).
2, 3, 11, 19
Let n(h) = 35*h + 417. Let a be 7 + ((-4)/22 - (-230)/55). List the prime factors of n(a).
2, 401
Suppose -3*h + 99 = 4*c, 0 = 3*c - c - 5*h - 69. Let y = -25 + c. Suppose -4*l + 60 = -y*l. What are the prime factors of l?
2, 3, 5
Let t(b) = 31*b**3 + b - 2. Suppose -2*a = 5*h - 8*h + 9, -2*a = -2*h + 6. List the prime factors of t(h).
2, 419
Suppose 288*l + 293*l = 591*l - 110910. List the prime factors of l.
3, 3697
Let a = 7081 + 11310. What are the prime factors of a?
53, 347
Suppose 7*s + 117*s = -1342026 + 10342938. List the prime factors of s.
2, 3, 23, 263
Let l(z) = -184*z + 265. Let u(f) = -3*f + 1. Let p(w) = -l(w) - 4*u(w). List the prime factors of p(10).
19, 89
Let v = 7428 - 21. List the prime factors of v.
3, 823
Suppose 0 = a + 2*v + 54, -a + 4*a + v + 147 = 0. Let w = -45 - a. Let s(d) = 70*d - 17. List the prime factors of s(w).
193
Suppose 178 = -10*x + 1588. Suppose x = -32*f + 33*f. Let k = -64 + f. What are the prime factors of k?
7, 11
Suppose 136*p - 133*p - 46475 = -5*k, 4*k = -5*p + 37193. List the prime factors of k.
2, 23, 101
Let j be 4/(-10) + 2229/(-15). Let f be j/(((-3)/9)/((-3)/(-9))). Suppose -f + 13 = -3*n + 2*c, 2*n - 96 = -4*c. What are the prime factors of n?
2, 23
Let c be 4 + 89 - -3*(-2)/6. Suppose -4*l = -360 + c. Suppose 4*y = 3*q + l, 4*q = 3*y + 2*y - 85. List the prime factors of y.
13
Let j(v) = -14440*v**3 + 17*v**2 + 10*v - 6. List the prime factors of j(-1).
7, 2063
Suppose 5*k + 4*v - 107592 = -k, v = 6. List the prime factors of k.
2, 3, 83
Suppose -118*r = 105528 - 263412. List the prime factors of r.
2, 3, 223
Let g = 71 - 62. Suppose -11205 = -g*v - 18*v. List the prime factors of v.
5, 83
Suppose -5 = o, 3*o - 7 = -3*a + 2*o. Suppose -n + a*n - 2436 = 0. Suppose 5*v - n = m, 4*m + 646 = 4*v + 2*m. What are the prime factors of v?
163
Let q(c) be the third derivative of -c**6/60 + c**5/30 + 25*c**4/24 + 5*c**3/3 + 174*c**2. What are the prime factors of q(-6)?
2, 7, 13
Suppose 466 = -t + 2*t. Suppose z - 429 = 4*d, -4*d + t + 440 = 2*z. Suppose -2*x + 7*x - z = 0. What are the prime factors of x?
89
Suppose -5*r = -8*r + 4*u + 104225, u = 5*r - 173697. List the prime factors of r.
34739
Let t(z) = -493*z + 435. What are the prime factors of t(-7)?
2, 29, 67
Suppose g + 2 = 0, 3*z + 3*g - 2*g + 2 = 0. Suppose z = -220*y + 207*y + 17212. What are the prime factors of y?
2, 331
Let w be 3 - 3*(-1 - 494/6). Let v = 378 + w. List the prime factors of v.
631
Suppose b + 2*b - 2*j - 30 = 0, -j + 29 = 4*b. Let h be 2/b - 45/20. What are the prime factors of (-1 + 68/(-8))*h?
19
Let n(x) = -166*x + 20. Let s(k) = -111*k + 13. Let h(y) = 5*n(y) - 7*s(y). Let a be h(5). Let o = -176 - a. What are the prime factors of o?
2, 5
Let u(j) = -378*j**3 + 2*j**2 + 54*j + 21. List the prime factors of u(-5).
47051
Suppose -10 = t - 5. Let f be 171 + (-2)/t*(4 + -9). Let q = -106 + f. What are the prime factors of q?
3, 7
Suppose -2*p - 9612 + 53363 = -30005. List the prime factors of p.
2, 18439
Suppose 5*o = -i + 22, 5*i + 10 = -o - 0. Suppose -5*f + 1452 = 3*h, o*f - 3*h - 173 = 1255. Suppose -12*u + 10*u + f = 0. What are the prime factors of u?
2, 3
Let a = 104 - 102. Suppose -4*f + 678 = -a*o, 0 = 5*f + 3*o - 792 - 72. List the prime factors of f.
3, 19
Suppose 73*a - 166443 = -5*j + 70*a, 5*j + 6*a = 166461. What are the prime factors of j?
3, 5, 7, 317
Let i(a) = a**3 + 5*a**2 + 4*a + 2. Let k = -35 + 33. Let j be i(k). Suppose 5*t - 390 = 5*s, -5*t + 354 = j*s - 2*s. What are the prime factors of t?
2, 37
Let z(k) = 10*k**2 - 14*k - 488. What are the prime factors of z(-9)?
2, 7
Suppose 20*k = 19*k + l + 11418, 5*l + 11414 = k. What are the prime factors of k?
19, 601
Let t = 63577 + -16465. List the prime factors of t.
2, 3, 13, 151
Suppose 5*p - 3*m = p - 11, p + 3*m - 1 = 0. Let s be (p/2 - -1) + (-6 - -3). List the prime factors of (-7)/s - 11/33.
2
Suppose 6*i + 1603 = 49753. What are the prime factors of i?
3, 5, 107
Suppose -38*d + 81876 + 105730 = 0. List the prime factors of d.
4937
Suppose -h - 5*j + 2 = 1, h = 5*j + 1. Let c b